{"id":7,"date":"2020-04-13T14:00:33","date_gmt":"2020-04-13T12:00:33","guid":{"rendered":"http:\/\/hausarzt-neuruppin.de\/wordpress\/?page_id=7"},"modified":"2025-11-05T21:31:58","modified_gmt":"2025-11-05T20:31:58","slug":"ueber-uns","status":"publish","type":"page","link":"https:\/\/hausarzt-neuruppin.de\/wordpress\/ueber-uns\/","title":{"rendered":"Team"},"content":{"rendered":"<p><mark style=\"background-color:rgba(0, 0, 0, 0);color:#25b8a7\" class=\"has-inline-color\">Unsere \u00c4rztin Dr. med. Julia J\u00e4kel<\/mark><\/p><p>Geboren wurde ich 1988 in Neuruppin und habe sowohl die Grundschule als auch das Gymnasium in Neuruppin besucht. 2008 nach bestandenem Abitur zog ich nach Hamburg, um mein Studium der Humanmedizin zu absolvieren. F\u00fcr den letzten Abschnitt des Studiums wechselte ich an die Charit\u00e9, um so das Praktische Jahr zu gro\u00dfen Teilen in den Ruppiner Kliniken absolvieren zu k\u00f6nnen. Zu diesem Zeitpunkt zogen mein Mann, unsere Tochter und ich auch wieder zur\u00fcck nach Neuruppin. <\/p><p>Nach Abschluss des Studiums und erfolgreicher Promotion zum Thema &#8222;Lebensqualit\u00e4t in der fr\u00fchen Elternschaft&#8220; begann ich meine Weiterbildung zur Allgemeinmedizinerin in den Ruppiner Kliniken, rotierte dort \u00fcber viele Stationen und wechselte schlie\u00dflich in den ambulanten Bereich. Viele meiner Patienten haben mich bereits in einer oder mehreren meiner ambulanten Ausbildungspraxen kennengelernt.  <\/p><p>Nach erfolgreicher Facharztpr\u00fcfung freue ich mich nun Sie in meiner eigenen Praxis seit Herbst 2021 begr\u00fc\u00dfen zu d\u00fcrfen!<\/p><p><mark style=\"background-color:rgba(0, 0, 0, 0);color:#25b8a7\" class=\"has-inline-color\">Unsere \u00c4rztin Henrike Brosz<\/mark><\/p><p>Ich bin 1990 geboren, aufgewachsen und zur Schule gegangen in Magdeburg. Dass ich Medizin studieren wollte, stand bis auf eine kurze Zeit mit anderen Berufsideen eigentlich schon sehr lange fest. Trotz sehr gutem Abitur habe ich nicht sofort einen Studienplatz bekommen, also machte ich in der Zwischenzeit eine Ausbildung zur Medizinisch-technischen Assistentin f\u00fcr Funktionsdiagnostik in Leipzig. 2010 war es endlich soweit und ich begann mein Medizinstudium an der Uni Greifswald. 2019 verschlug es mich der Liebe wegen nach Neuruppin, was ich nie bereut habe. Ich hatte eine sehr gute Zeit in den (damals noch) Ruppiner Kliniken und in verschiedenen Praxen in der Stadt w\u00e4hrend meiner Facharztweiterbildung.<\/p><p>Der Wunsch, Haus\u00e4rztin zu sein, stand von Anfang an fest und es kam nie ein anderes Fach infrage. Ich freue mich sehr darauf, in dieser Praxis ab Mai 2024 und zusammen mit Ihnen an einer f\u00fcr Sie optimalen gesundheitlichen Versorgung arbeiten zu d\u00fcrfen!<\/p><p><mark style=\"background-color:rgba(0, 0, 0, 0);color:#25b8a7\" class=\"has-inline-color\">Lisa Schneider (\u00c4rztin in Weiterbildung)<\/mark> <\/p><p>Einige von Ihnen haben Frau Schneider bereits kennengelernt. Sie war seit dem 22.03.24 in unserer Praxis und unterst\u00fctzte Frau J\u00e4kel sehr. Als \u00c4rztin in Weiterbildung ist sie auf dem Weg zur Fach\u00e4rztin. Durch das Kennenlernen unserer Praxis und unserer Patienten konnten wir Frau Schneider f\u00fcr die Allgemeinmedizin begeistern. Frau Schneider unterst\u00fctzt nun mehr Frau Dr J\u00e4kel bei der Betreuung ihrer Patienten. Sie wird bis zum 30.11.2026 in unserer Praxis t\u00e4tig sein. Frau Schneider f\u00fchrt inzwischen selbstst\u00e4ndig am Mittwoch die Sprechstunde durch und hat aktuell ihr Hauptaugenmerk auf den Bereich Pr\u00e4vention gelegt und f\u00fchrt somit sehr viele Check up Untersuchungen durch. Ihre Erfahrungen aus der Neurologie und der Gastroenterologie sind eine wertvolle Bereicherung f\u00fcr unsere Praxis! <\/p><p><mark style=\"background-color:rgba(0, 0, 0, 0);color:#25b8a7\" class=\"has-inline-color\">Unsere medizinischen Fachangestellten:<\/mark><\/p><p><strong>Nicole Thiedke<\/strong><\/p><p>Geboren wurde unsere Nicole 1980 in Eberswalde. Schon seit ihrer Kindheit hatte sie den Wunsch, im medizinischen Bereich zu arbeiten. 2003 erfolgte dann der Abschluss zur Medizinischen Fachangestellten in Bernau. Noch im gleichen Jahr begann sie in Neuruppin in ambulanten Arztpraxen zu arbeiten. Nicole war schon in verschiedenen Praxen t\u00e4tig, unter anderem in der Kardiologie, Diabetologie, Angiologie und der Allgemeinmedizin. In allen diesen Bereich konnten sie viele wichtige Erfahrungen sammeln, so dass Nicole eine herausragende Bereicherung f\u00fcr unser Team ist. <\/p><p>Die Aufgabengebiete in unserer Praxis umfassen einerseits die Blutentnahmen und Wundkontrollen sowie das F\u00e4den- oder Klammern ziehen. Aber auch in die Diagnostik ist Nicole stark eingebunden in dem sie Blutentnahmen, Spirometrien, EKGs, Doppler-Untersuchungen und Langzeitmessungen durchf\u00fchrt. H\u00e4ufig sieht man sie durch die Praxis flitzen, um Impfungen durchzuf\u00fchren oder auch Vitamin-B12-Spritzen zu setzen. Nat\u00fcrlich k\u00f6nnen Sie Nicole auch jederzeit am Telefon oder Tresen antreffen, wo sie sich um Termine oder Rezepte oder andere Patientenw\u00fcnsche gerne k\u00fcmmert. Seit ihrer Zusatzausbildung zur N\u00e4Pa ist Nicole nun auch viel bei unseren \u00e4lteren Patienten in der H\u00e4uslichkeit anzutreffen und \u00fcbernimmt viele Hausbesuche. <\/p><p><strong>Jasmin Deutschmann<\/strong><\/p><p>1994 in Berlin geboren, arbeitet nun Jasmin seit dem 01.11.2023 in unserer Praxis. Aufgewachsen ist sie in Berlin und ist dort auch zur Schule gegangen. Bereits als kleines M\u00e4dchen wollte sie immer Menschen helfen und medizinische Fachangestellte werden. Die Ausbildung konnte sie dann 2014 erfolgreich abschlie\u00dfen. Sie hat in verschiedenen Praxen seither gearbeitet und konnte so viele Erfahrungen in den Bereichen Kardiologie, Gastroenterologie und allgemeine innere Medizin sammeln. 2018 zog sie dann wegen der Liebe nach Neuruppin und lebt seither mit ihrem Mann in der Fontanestadt.<\/p><p>Jasmin wird Ihnen in allen Bereichen unserer Praxis begegnen und ist somit ein absolutes Allround- Talent. Sie ist im Labor f\u00fcr Blutuntersuchungen, Impfungen, B12 Spritzen und die Funktionsdiagnostik zust\u00e4ndig, wird aber genauso f\u00fcr Sie Termine vereinbaren und am Telefon erreichbar sein und Ihnen auch dort weiterhelfen k\u00f6nnen. Als speziellen Aufgabenbereich wird sich Jasmin um die Geri-Checks k\u00fcmmern. Das bedeutet, dass sie allen Patienten \u00fcber 70 Jahren anbieten wird 1x im Jahr an verschiedenen Fr\u00fcherkennungstests f\u00fcr Demenz teilzunehmen. Auch kann es vorkommen, dass Jasmin Hausbesuche durchf\u00fchrt und zu Ihnen nach Hause kommt oder nach R\u00fccksprache verschiedene Telefonauswertungen mit Ihnen durchf\u00fchrt. <\/p><p><strong>Christin Semrau<\/strong><\/p><p>Seit dem 01.12.2024 arbeitet Christin als medizinische Fachangestellte in unserer Praxis mit. Sie kam \u00fcber Umwege zur Medizin und absolvierte zuerst eine Ausbildung zur Fris\u00f6rin. Erst im sp\u00e4teren Verlauf entschied sie sich f\u00fcr die Medizin und arbeitete einige Jahre in den Ruppiner Kliniken in der Psychosomatik als Pflegehelferin. Dort arbeitet sie bereits mit Frau J\u00e4kel auf der Station B2 zusammen. Im Verlauf wechselte sie in den ambulanten Bereich und sammelte Erfahrungen in der ambulanten Versorgung und arbeitete in einer anderen Hausarztpraxis bereits einige Jahre als MFA. <\/p><p>Christin haben Sie sicherlich in unserer Praxis schon kennengelernt. Mit ihrer immer freundlichen und herzlichen Art ist sie ein echter Sonnenschein in unserer Praxis und zaubert allen Patienten ein L\u00e4cheln auf die Lippen. In allen Bereichen unserer Praxis kann Ihnen Christin begegnen &#8211; sie bedient das Telefon, vereinbart Termine, f\u00fchrt Hausbesuche durch und ist viel im Labor anzutreffen, wo sie B12 spritzt, EKGs schreibt oder Blut abnimmt. Zus\u00e4tzlich k\u00fcmmert sich Christin um unser Impfmanagement und versucht alle Impfp\u00e4sse zu digitalisieren und Impfl\u00fccken m\u00f6glichst z\u00fcgig zu schlie\u00dfen. Sicher wird Sie auch Ihnen am Tresen bald eine Impfung anbieten oder nach Ihrem Impfausweis fragen.<\/p>","protected":false},"excerpt":{"rendered":"<p>Unsere \u00c4rztin Dr. med. Julia J\u00e4kel Geboren wurde ich 1988 in Neuruppin und habe sowohl die Grundschule als auch das Gymnasium in Neuruppin besucht. 2008 nach bestandenem Abitur zog ich nach Hamburg, um mein Studium der Humanmedizin zu absolvieren. F\u00fcr<\/p>\n","protected":false},"author":1,"featured_media":0,"parent":0,"menu_order":0,"comment_status":"closed","ping_status":"closed","template":"","meta":{"footnotes":""},"class_list":["post-7","page","type-page","status-publish","hentry"],"_links":{"self":[{"href":"https:\/\/hausarzt-neuruppin.de\/wordpress\/wp-json\/wp\/v2\/pages\/7","targetHints":{"allow":["GET"]}}],"collection":[{"href":"https:\/\/hausarzt-neuruppin.de\/wordpress\/wp-json\/wp\/v2\/pages"}],"about":[{"href":"https:\/\/hausarzt-neuruppin.de\/wordpress\/wp-json\/wp\/v2\/types\/page"}],"author":[{"embeddable":true,"href":"https:\/\/hausarzt-neuruppin.de\/wordpress\/wp-json\/wp\/v2\/users\/1"}],"replies":[{"embeddable":true,"href":"https:\/\/hausarzt-neuruppin.de\/wordpress\/wp-json\/wp\/v2\/comments?post=7"}],"version-history":[{"count":24,"href":"https:\/\/hausarzt-neuruppin.de\/wordpress\/wp-json\/wp\/v2\/pages\/7\/revisions"}],"predecessor-version":[{"id":976,"href":"https:\/\/hausarzt-neuruppin.de\/wordpress\/wp-json\/wp\/v2\/pages\/7\/revisions\/976"}],"wp:attachment":[{"href":"https:\/\/hausarzt-neuruppin.de\/wordpress\/wp-json\/wp\/v2\/media?parent=7"}],"curies":[{"name":"wp","href":"https:\/\/api.w.org\/{rel}","templated":true}]}}